{"id":4439,"date":"2021-10-12T16:27:24","date_gmt":"2021-10-12T16:27:24","guid":{"rendered":"http:\/\/dummy.xtemos.com\/woodmart2\/elementor\/?page_id=4439"},"modified":"2025-08-02T08:59:24","modified_gmt":"2025-08-02T08:59:24","slug":"contact-us","status":"publish","type":"page","link":"https:\/\/jointoyeur44.fr\/?page_id=4439","title":{"rendered":"Contacts"},"content":{"rendered":"\t\t<div data-elementor-type=\"wp-page\" data-elementor-id=\"4439\" class=\"elementor elementor-4439\">\n\t\t\t\t<div class=\"wd-negative-gap elementor-element elementor-element-cb322d0 e-flex e-con-boxed e-con e-parent\" data-id=\"cb322d0\" data-element_type=\"container\">\n\t\t\t\t\t<div class=\"e-con-inner\">\n\t\t<div class=\"elementor-element elementor-element-1f0abe4 e-con-full e-flex e-con e-child\" data-id=\"1f0abe4\" data-element_type=\"container\">\n\t\t\t\t<div class=\"elementor-element elementor-element-2a7c1c6 elementor-widget elementor-widget-wd_accordion\" data-id=\"2a7c1c6\" data-element_type=\"widget\" data-widget_type=\"wd_accordion.default\">\n\t\t\t\t<div class=\"elementor-widget-container\">\n\t\t\t\t\t\n\t\t<div class=\"wd-accordion wd-style-default wd-titles-left wd-opener-pos-right wd-opener-style-arrow\" data-state=\"first\">\n\t\t\t\t\t\t\t\n\t\t\t\t<div class=\"wd-accordion-item\">\n\t\t\t\t\t<div class=\"wd-accordion-title wd-active\" data-accordion-index=\"0\">\n\t\t\t\t\t\t<div class=\"wd-accordion-title-text\">\n\t\t\t\t\t\t\t\t\t\t\t\t\t\t<span>\n\t\t\t\t\t\t\t\tContactez-moi\t\t\t\t\t\t\t<\/span>\n\t\t\t\t\t\t<\/div>\n\t\t\t\t\t\t<span class=\"wd-accordion-opener\"><\/span>\n\t\t\t\t\t<\/div>\n\n\t\t\t\t\t<div class=\"wd-accordion-content wd-entry-content wd-active\" data-accordion-index=\"0\">\n\t\t\t\t\t\t\t\t\t\t\t\t\t\n\t\t\t\t\t\t\t<h2 data-start=\"163\" data-end=\"232\"><strong data-start=\"166\" data-end=\"232\">Contactez-moi pour vos projets de joints sur plaques de pl\u00e2tre<\/strong><\/h2><p data-start=\"234\" data-end=\"429\">Vous avez des questions, besoin de conseils, ou souhaitez recevoir un devis rapide pour vos travaux de joints sur plaques de pl\u00e2tre ? Je suis \u00e0 votre disposition pour \u00e9changer sur votre projet.<\/p><h3 data-start=\"436\" data-end=\"477\">\ud83d\udce9 <strong data-start=\"443\" data-end=\"477\">Formulaire de contact en ligne<\/strong><\/h3><p data-start=\"479\" data-end=\"571\">Remplissez le formulaire ci-dessous, je m'engage \u00e0 vous r\u00e9pondre sous <strong data-start=\"549\" data-end=\"570\">48 heures maximum<\/strong>.<\/p><p data-start=\"573\" data-end=\"648\"><em data-start=\"573\" data-end=\"648\">[Formulaire de contact simple : Nom \/ Pr\u00e9nom, E-mail, T\u00e9l\u00e9phone, Message]<\/em><\/p><h3 data-start=\"655\" data-end=\"706\">\ud83d\udcde <strong data-start=\"662\" data-end=\"706\">Contact direct par t\u00e9l\u00e9phone ou WhatsApp<\/strong><\/h3><p data-start=\"708\" data-end=\"772\">Pour toute demande urgente, vous pouvez me joindre directement :<\/p><ul data-start=\"773\" data-end=\"908\"><li data-start=\"773\" data-end=\"825\"><p data-start=\"775\" data-end=\"825\"><strong data-start=\"775\" data-end=\"788\">T\u00e9l\u00e9phone<\/strong> : <a rel=\"noopener\" data-start=\"791\" data-end=\"825\">06 77 61 41 32<\/a><\/p><\/li><\/ul><p><span style=\"color: #242424; font-family: 'Kumbh Sans', Arial, Helvetica, sans-serif; font-size: 22px; font-style: normal; font-weight: bold;\">\ud83d\udccd <\/span><strong style=\"color: #242424; font-family: 'Kumbh Sans', Arial, Helvetica, sans-serif; font-size: 22px; font-style: normal;\" data-start=\"922\" data-end=\"947\">Zone d\u2019intervention :<\/strong><\/p><p><span style=\"font-size: 16px;\">Je me d\u00e9place dans un rayon de <\/span><strong style=\"font-size: 16px;\" data-start=\"979\" data-end=\"1006\">100 km autour de Nantes<\/strong><span style=\"font-size: 16px;\">, incluant :<\/span><\/p><ul data-start=\"1019\" data-end=\"1094\"><li data-start=\"1019\" data-end=\"1042\"><p data-start=\"1021\" data-end=\"1042\">Loire-Atlantique (44)<\/p><\/li><li data-start=\"1043\" data-end=\"1056\"><p data-start=\"1045\" data-end=\"1056\">Vend\u00e9e (85)<\/p><\/li><li data-start=\"1057\" data-end=\"1078\"><p data-start=\"1059\" data-end=\"1078\">Maine-et-Loire (49)<\/p><\/li><li data-start=\"1079\" data-end=\"1094\"><p data-start=\"1081\" data-end=\"1094\">Morbihan (56)<\/p><\/li><\/ul><p><span style=\"font-size: 16px;\">Pour les projets de grande envergure ou les collaborations professionnelles, des d\u00e9placements hors de cette zone peuvent \u00eatre envisag\u00e9s.<\/span><\/p><h2 data-start=\"1239\" data-end=\"1273\">\ud83d\udee0\ufe0f <strong data-start=\"1246\" data-end=\"1273\">Pourquoi me contacter ?<\/strong><\/h2><ul data-start=\"1274\" data-end=\"1478\"><li data-start=\"1274\" data-end=\"1349\"><p data-start=\"1276\" data-end=\"1349\">Artisan sp\u00e9cialis\u00e9 dans le <strong data-start=\"1303\" data-end=\"1348\">jointoiement de plaques de pl\u00e2tre <\/strong><\/p><\/li><li data-start=\"1350\" data-end=\"1384\"><p data-start=\"1352\" data-end=\"1384\">Plus de <strong data-start=\"1360\" data-end=\"1383\">10 ans d\u2019exp\u00e9rience<\/strong>.<\/p><\/li><li data-start=\"1385\" data-end=\"1436\"><p data-start=\"1387\" data-end=\"1436\">Travail rapide, soign\u00e9 et respectueux des d\u00e9lais<\/p><\/li><li data-start=\"1437\" data-end=\"1478\"><p data-start=\"1439\" data-end=\"1478\">Devis personnalis\u00e9 et gratuit sous 48h.<\/p><\/li><\/ul><p>\u00a0<\/p>\n\t\t\t\t\t\t\t\t\t\t\t\t\t\t\t\t\t\t<\/div>\n\t\t\t\t<\/div>\n\t\t\t\t\t<\/div>\n\t\t\t\t\t\t<\/div>\n\t\t\t\t<\/div>\n\t\t\t\t<\/div>\n\t\t<div class=\"elementor-element elementor-element-789122a e-con-full e-flex e-con e-child\" data-id=\"789122a\" data-element_type=\"container\">\n\t\t\t\t<div class=\"elementor-element elementor-element-775ddc4 wd-width-100 elementor-widget elementor-widget-wd_title\" data-id=\"775ddc4\" data-element_type=\"widget\" data-widget_type=\"wd_title.default\">\n\t\t\t\t<div class=\"elementor-widget-container\">\n\t\t\t\t\t\t\t<div class=\"title-wrapper wd-set-mb reset-last-child wd-title-color-default wd-title-style-default wd-title-size-default text-left\">\n\n\t\t\t\t\t\t\t\t\t\t\t<div class=\"title-subtitle subtitle-color-default subtitle-style-default wd-fontsize-xs\">\n\t\t\t\t\tDemande de renseignements \t\t\t\t<\/div>\n\t\t\t\n\t\t\t<div class=\"liner-continer\">\n\t\t\t\t<h4 class=\"woodmart-title-container title wd-fontsize-l\">Contactez moi pour toute question.<\/h4> \n\t\t\t\t\t\t\t<\/div>\n\n\t\t\t\t\t<\/div>\n\t\t\t\t\t\t<\/div>\n\t\t\t\t<\/div>\n\t\t\t\t<div class=\"elementor-element elementor-element-3c67846 wd-cf7 elementor-widget elementor-widget-wd_contact_form_7\" data-id=\"3c67846\" data-element_type=\"widget\" data-widget_type=\"wd_contact_form_7.default\">\n\t\t\t\t<div class=\"elementor-widget-container\">\n\t\t\t\t\t\n<div class=\"wpcf7 no-js\" id=\"wpcf7-f1572-o1\" lang=\"en-US\" dir=\"ltr\" data-wpcf7-id=\"1572\">\n<div class=\"screen-reader-response\"><p role=\"status\" aria-live=\"polite\" aria-atomic=\"true\"><\/p> <ul><\/ul><\/div>\n<form action=\"\/index.php?rest_route=%2Fwp%2Fv2%2Fpages%2F4439#wpcf7-f1572-o1\" method=\"post\" class=\"wpcf7-form init\" aria-label=\"Contact form\" novalidate=\"novalidate\" data-status=\"init\">\n<fieldset class=\"hidden-fields-container\"><input type=\"hidden\" name=\"_wpcf7\" value=\"1572\" \/><input type=\"hidden\" name=\"_wpcf7_version\" value=\"6.1.2\" \/><input type=\"hidden\" name=\"_wpcf7_locale\" value=\"en_US\" \/><input type=\"hidden\" name=\"_wpcf7_unit_tag\" value=\"wpcf7-f1572-o1\" \/><input type=\"hidden\" name=\"_wpcf7_container_post\" value=\"0\" \/><input type=\"hidden\" name=\"_wpcf7_posted_data_hash\" value=\"\" \/>\n<\/fieldset>\n<div class=\"wd-grid-g\">\n\t<div class=\"wd-grid-f-stretch\">\n\t\t<div class=\"wd-col\">\n\t\t\t<p><label>Nom<\/label><span class=\"wpcf7-form-control-wrap\" data-name=\"nom\"><input size=\"40\" maxlength=\"400\" class=\"wpcf7-form-control wpcf7-text wpcf7-validates-as-required\" aria-required=\"true\" aria-invalid=\"false\" placeholder=\"Votre nom\" value=\"\" type=\"text\" name=\"nom\" \/><\/span>\n\t\t\t<\/p>\n\t\t<\/div>\n\t\t<div class=\"wd-col\">\n\t\t\t<p><label>Adresse e-mail<\/label><span class=\"wpcf7-form-control-wrap\" data-name=\"email\"><input size=\"40\" maxlength=\"400\" class=\"wpcf7-form-control wpcf7-email wpcf7-validates-as-required wpcf7-text wpcf7-validates-as-email\" aria-required=\"true\" aria-invalid=\"false\" placeholder=\"Votre e-mail\" value=\"\" type=\"email\" name=\"email\" \/><\/span>\n\t\t\t<\/p>\n\t\t<\/div>\n\t<\/div>\n\t<div class=\"wd-grid-f-stretch\">\n\t\t<div class=\"wd-col\">\n\t\t\t<p><label>T\u00e9l\u00e9phone<\/label><span class=\"wpcf7-form-control-wrap\" data-name=\"telephone\"><input size=\"40\" maxlength=\"400\" class=\"wpcf7-form-control wpcf7-tel wpcf7-text wpcf7-validates-as-tel\" aria-invalid=\"false\" placeholder=\"Votre num\u00e9ro de t\u00e9l\u00e9phone\" value=\"\" type=\"tel\" name=\"telephone\" \/><\/span>\n\t\t\t<\/p>\n\t\t<\/div>\n\t\t<div class=\"wd-col\">\n\t\t\t<p><label>Entreprise<\/label><span class=\"wpcf7-form-control-wrap\" data-name=\"entreprise\"><input size=\"40\" maxlength=\"400\" class=\"wpcf7-form-control wpcf7-text\" aria-invalid=\"false\" placeholder=\"Nom de l&#039;entreprise (facultatif)\" value=\"\" type=\"text\" name=\"entreprise\" \/><\/span>\n\t\t\t<\/p>\n\t\t<\/div>\n\t<\/div>\n\t<div>\n\t\t<p><label>Votre message<\/label><span class=\"wpcf7-form-control-wrap\" data-name=\"message\"><textarea cols=\"40\" rows=\"10\" maxlength=\"2000\" class=\"wpcf7-form-control wpcf7-textarea\" aria-invalid=\"false\" placeholder=\"Expliquez votre besoin...\" name=\"message\"><\/textarea><\/span>\n\t\t<\/p>\n\t<\/div>\n\t<div>\n\t\t<p><input class=\"wpcf7-form-control wpcf7-submit has-spinner btn-color-black\" type=\"submit\" value=\"Envoyer la demande\" \/>\n\t\t<\/p>\n\t<\/div>\n<\/div><div class=\"wpcf7-response-output\" aria-hidden=\"true\"><\/div>\n<\/form>\n<\/div>\n\t\t\t\t<\/div>\n\t\t\t\t<\/div>\n\t\t\t\t<\/div>\n\t\t\t\t\t<\/div>\n\t\t\t\t<\/div>\n\t\t\t\t<\/div>\n\t\t","protected":false},"excerpt":{"rendered":"<p>Contactez-moi Contactez-moi pour vos projets de joints sur plaques de pl\u00e2tre Vous avez des questions, besoin de conseils, ou souhaitez<\/p>\n","protected":false},"author":1,"featured_media":0,"parent":0,"menu_order":0,"comment_status":"closed","ping_status":"closed","template":"","meta":{"footnotes":""},"class_list":["post-4439","page","type-page","status-publish","hentry"],"_links":{"self":[{"href":"https:\/\/jointoyeur44.fr\/index.php?rest_route=\/wp\/v2\/pages\/4439","targetHints":{"allow":["GET"]}}],"collection":[{"href":"https:\/\/jointoyeur44.fr\/index.php?rest_route=\/wp\/v2\/pages"}],"about":[{"href":"https:\/\/jointoyeur44.fr\/index.php?rest_route=\/wp\/v2\/types\/page"}],"author":[{"embeddable":true,"href":"https:\/\/jointoyeur44.fr\/index.php?rest_route=\/wp\/v2\/users\/1"}],"replies":[{"embeddable":true,"href":"https:\/\/jointoyeur44.fr\/index.php?rest_route=%2Fwp%2Fv2%2Fcomments&post=4439"}],"version-history":[{"count":11,"href":"https:\/\/jointoyeur44.fr\/index.php?rest_route=\/wp\/v2\/pages\/4439\/revisions"}],"predecessor-version":[{"id":29468,"href":"https:\/\/jointoyeur44.fr\/index.php?rest_route=\/wp\/v2\/pages\/4439\/revisions\/29468"}],"wp:attachment":[{"href":"https:\/\/jointoyeur44.fr\/index.php?rest_route=%2Fwp%2Fv2%2Fmedia&parent=4439"}],"curies":[{"name":"wp","href":"https:\/\/api.w.org\/{rel}","templated":true}]}}